True
Is 43391 prime?
True
Is 235529 a prime number?
False
Is 360881 composite?
True
Is 33107 a prime number?
True
Is 7039 prime?
True
Is 263537 prime?
True
Is 18331 a prime number?
False
Is 111742 composite?
True
Is 10297 prime?
False
Is 4682713 prime?
False
Is 72563 a composite number?
True
Is 18754 a composite number?
True
Is 498163 a prime number?
True
Is 284539 composite?
False
Is 1853161 a composite number?
False
Is 177533 prime?
True
Is 139379 prime?
False
Is 18737 composite?
True
Is 17009 composite?
True
Is 1741 a prime number?
True
Is 89111 a composite number?
True
Is 67333 composite?
True
Is 8765 a prime number?
False
Is 283937 a composite number?
False
Is 62273 a composite number?
False
Is 4529 a composite number?
True
Is 21913 composite?
True
Is 50753 composite?
False
Is 33659 composite?
True
Is 28115 composite?
True
Is 29703 prime?
False
Is 143791 a prime number?
True
Is 2281081 a prime number?
False
Is 4198 composite?
True
Is 249017 prime?
True
Is 631 a composite number?
False
Is 17695 prime?
False
Is 17623 composite?
False
Is 293019 a prime number?
False
Is 678149 a composite number?
True
Is 1970809 prime?
True
Is 587914 composite?
True
Is 49249 prime?
False
Is 249181 a prime number?
True
Is 4680701 composite?
False
Is 53549 composite?
False
Is 1120298 prime?
False
Is 406969 composite?
False
Is 4547 composite?
False
Is 78401 a prime number?
True
Is 42963 a prime number?
False
Is 6297 composite?
True
Is 975073 a composite number?
True
Is 748331 composite?
False
Is 57841 a prime number?
False
Is 127343 a composite number?
False
Is 15133 composite?
True
Is 15117 prime?
False
Is 2019259 a prime number?
False
Is 153971 composite?
True
Is 286519 prime?
True
Is 48893 composite?
True
Is 37243 composite?
False
Is 50987 prime?
False
Is 655 composite?
True
Is 4534 prime?
False
Is 155501 a composite number?
False
Is 2564999 composite?
False
Is 110807 composite?
False
Is 15118 composite?
True
Is 317663 a prime number?
True
Is 573 a prime number?
False
Is 175501 prime?
False
Is 4471 prime?
False
Is 198173 a prime number?
True
Is 45949 a composite number?
False
Is 38543 a prime number?
True
Is 1477607 composite?
False
Is 15539 a prime number?
False
Is 15109 prime?
False
Is 127991 a prime number?
False
Is 15817 composite?
False
Is 575801 a prime number?
False
Is 256085 a composite number?
True
Is 6343 a composite number?
False
Is 6085 prime?
False
Is 193573 a composite number?
False
Is 271169 a composite number?
False
Is 119027 a prime number?
True
Is 226999 prime?
False
Is 112478 composite?
True
Is 93943 a prime number?
False
Is 1531 a prime number?
True
Is 124451 a composite number?
True
Is 11261 composite?
False
Is 29683 composite?
False
Is 6049 a prime number?
False
Is 13569 composite?
True
Is 37039 prime?
True
Is 718349 a composite number?
False
Is 93683 prime?
True
Is 10687 composite?
False
Is 122357 a composite number?
True
Is 2081 a prime number?
True
Is 156007 a composite number?
False
Is 7323 prime?
False
Is 1731539 a composite number?
False
Is 22469 a composite number?
False
Is 28837 a prime number?
True
Is 7907 a prime number?
True
Is 292909 prime?
True
Is 58553 composite?
True
Is 153247 prime?
True
Is 39 a prime number?
False
Is 105082 composite?
True
Is 128795 a prime number?
False
Is 26965 a prime number?
False
Is 94469 a composite number?
True
Is 18143 prime?
True
Is 890137 composite?
True
Is 94379 a prime number?
True
Is 136987 a composite number?
False
Is 14111 composite?
True
Is 717729 prime?
False
Is 89753 a prime number?
True
Is 15481 prime?
False
Is 7243 a prime number?
True
Is 15413 a composite number?
False
Is 157589 a prime number?
False
Is 7607 a prime number?
True
Is 18199 composite?
False
Is 4183 composite?
True
Is 476719 a prime number?
True
Is 158741 prime?
False
Is 5357 prime?
False
Is 129307 a composite number?
True
Is 397541 prime?
True
Is 109609 a prime number?
True
Is 2279 prime?
False
Is 77069 a prime number?
True
Is 17326 a prime number?
False
Is 166349 a prime number?
True
Is 2333 a prime number?
True
Is 11369 a composite number?
False
Is 83909 prime?
False
Is 29551 prime?
False
Is 4421 composite?
False
Is 37039 composite?
False
Is 143 a composite number?
True
Is 4699 a composite number?
True
Is 11422 composite?
True
Is 71801 a composite number?
True
Is 327553 a prime number?
True
Is 85589 composite?
True
Is 12143 a composite number?
False
Is 168503 a composite number?
True
Is 1729771 prime?
True
Is 48283 composite?
True
Is 12791 prime?
True
Is 40811 composite?
True
Is 831593 a prime number?
False
Is 8977 composite?
True
Is 5951 composite?
True
Is 422689 prime?
True
Is 19641 a prime number?
False
Is 1501 composite?
True
Is 40343 a composite number?
False
Is 192853 a composite number?
False
Is 4699 composite?
True
Is 1789091 a composite number?
False
Is 168479 composite?
True
Is 120467 prime?
False
Is 23531 a prime number?
True
Is 491681 composite?
True
Is 64671 a prime number?
False
Is 77317 prime?
True
Is 8887 prime?
True
Is 24317 a prime number?
True
Is 54757 composite?
True
Is 145633 composite?
False
Is 10149869 a prime number?
True
Is 113977 prime?
False
Is 430207 prime?
False
Is 4219 composite?
False
Is 60353 prime?
True
Is 6598 a composite number?
True
Is 7097 prime?
False
Is 15293 a prime number?
False
Is 252641 a composite number?
False
Is 393017 a composite number?
False
Is 14519 a prime number?
True
Is 8633 a composite number?
True
Is 27779 a prime number?
True
Is 619831 a prime number?
True
Is 39313 prime?
True
Is 3761 a prime number?
True
Is 130153 composite?
True
Is 18545 a prime number?
False
Is 16373 a prime number?
False
Is 227665 composite?
True
Is 3149 prime?
False
Is 11405 a prime number?
False
Is 659497 a prime number?
True
Is 13613 a prime number?
True
Is 1151 a composite number?
False
Is 136265 prime?
False
Is 247001 a prime number?
True
Is 2246 prime?
False
Is 339413 a composite number?
False
Is 7507 composite?
False
Is 36965 a prime number?
False
Is 1811967 prime?
False
Is 15359 composite?
False
Is 41681 composite?
False
Is 11131 prime?
True
Is 143753 prime?
False
Is 509051 a composite number?
True
Is 3481 a prime number?
False
Is 332651 composite?
True
Is 11893 a prime number?
False
Is 198311 a composite number?
True
Is 389183 composite?
True
Is 18373 a prime number?
False
Is 81689 a prime number?
True
Is 17159 prime?
True
Is 770397 prime?
False
Is 690667 a composite number?
True
Is 81431 composite?
True
Is 2003 a composite number?
False
Is 132127 a prime number?
False
Is 560393 prime?
True
Is 10289 prime?
True
Is 1764523 a composite number?
True
Is 16787 prime?
True
Is 2699407 a prime number?
False
Is 271753 a composite number?
False
Is 102367 a composite number?
False
Is 199559 a composite number?
False
Is 16873 composite?
True
Is 289543 a prime number?
True
Is 348083 composite?
False
Is 9014 a composite number?
True
Is 75079 composite?
False
Is 16603 prime?
True
Is 6547 a composite number?
False
Is 6599 a composite number?
False
Is 113957 a composite number?
False
Is 24317 prime?
True
Is 18191 a composite number?
False
Is 20153 prime?
False
Is 165857 a prime number?
True
Is 3513277 a prime number?
True
Is 14667 a composite number?
True
Is 35429 a prime number?
False
Is 202643 a prime number?
False
Is 263893 a composite number?
True
Is 22285 a composite number?
True
Is 27359 prime?
False
Is 43391 a composite number?
False
Is 649361 a prime number?
True
Is 40609 a prime number?
True
Is 18346 composite?
True
Is 151027 a prime number?
True
Is 7903 a composite number?
True
Is 20035 prime?
False
Is 1259 a prime number?
True
Is 4409 prime?
True
Is 18719 prime?
True
Is 233743 a composite number?
False
Is 631115 prime?
False
Is 182089 a prime number?
True
Is 6947 prime?
True
Is 8915 composite?
True
Is 11597 prime?
True
Is 4861 prime?
True
Is 1542146 composite?
True
Is 457 a prime number?
True
Is 4211 a composite number?
False
Is 22343 a prime number?
True
Is 6081 a prime number?
False
Is 158062 a prime number?
False
Is 36151 a prime number?
True
Is 247859 prime?
False
Is 2179 prime?
True
Is 36889 a composite number?
True
Is 177 a prime number?
False
Is 266587 prime?
True
Is 314362 composite?
True
Is 30353 a composite number?
True
Is 36178 a composite number?
True
Is 58397 a prime numb